s and 2054?
26
Let w(g) = -g**2 - 13*g + 303. Let q be w(11). Let i = 2179 + -1360. Calculate the greatest common divisor of i and q.
39
Let m(j) = j**3 + 11*j**2 + 10*j + 5. Let u be m(-10). Suppose 483 = u*l + 313. Let a = 18 + 16. Calculate the highest common factor of a and l.
34
Let m(n) = n + 11 + 12 - 21. Let g be m(2). Suppose 13 = h - 2*v - 386, -1644 = -4*h - g*v. Calculate the highest common factor of h and 37.
37
Let x = 14 - 5. Let o be 8460/240 - 2/((-48)/18). What is the highest common divisor of o and x?
9
Let o(j) = -2*j + 4. Let c be o(-8). Let h(s) = 11*s**3 + 2*s - 2. Suppose -21 = -4*d - 13. Let q be h(d). Calculate the highest common divisor of q and c.
10
Let q = -5166 - -5228. Suppose -9 = 2*c - 691. Calculate the highest common factor of c and q.
31
Let z be (13/(91/(-462)))/(-1). What is the greatest common factor of 66 and z?
66
Suppose t + 4 = 0, -m - 2*m + 4300 = -4*t. Suppose 6*v - m = -8*v. Let f = -90 + v. What is the highest common factor of 20 and f?
4
Let p be 147 - (-5 + 22/8*4). Calculate the highest common divisor of p and 3.
3
Let r be 13/((-2457)/42) - ((-37212)/27 - 0). What is the greatest common factor of r and 26?
26
Let f(j) = -172*j - 1625. Let k be f(-19). Calculate the highest common divisor of 1431 and k.
53
Let g be (62/10 + -2)*505. Let t be 6/(-10) - (g/(-35) + -2). What is the greatest common divisor of 93 and t?
31
Let s = 6248 + -6209. What is the highest common divisor of s and 1248?
39
Let y(x) = x**3 - 34*x**2 + 5. Let j be y(34). Suppose 10*n - 5*n = 4*w - 3065, -w + 785 = -j*n. What is the greatest common factor of w and 40?
40
Let c = 2704 + -2500. Calculate the highest common divisor of 120 and c.
12
Suppose -4*g - 3*b + 2795 = 0, -g - 97*b = -102*b - 739. What is the greatest common divisor of g and 512?
64
Suppose -1 = n - 2*y - 11, -4*y = -12. Suppose 9*x = n*x. Suppose -3*j + 5*v + 73 = x, j + 24 = 2*j - 2*v. What is the greatest common divisor of 130 and j?
26
Let i be (-20)/(-6) - (-1068)/36. Calculate the greatest common divisor of i and 737.
11
Let u be -1 + (2/14 - (-195)/105) + 209. Calculate the highest common factor of u and 1176.
42
Suppose 2*z + 13 = -r, -r = -z - 6*r - 11. Let p(k) = -13*k + 2. Let h be p(z). Suppose 0 = 3*w + 2*w - h. What is the greatest common factor of 144 and w?
16
Suppose -163*y = -57*y - 494702. What is the greatest common divisor of y and 26?
13
Suppose -7*f = 1378 - 48866. Let w be 6/51 - f/(-136). Let h(o) = -3*o**3 + 2*o. Let d be h(-2). Calculate the greatest common factor of d and w.
10
Suppose -72*a + 7125 = 12*a - 9*a. What is the highest common factor of a and 836?
19
Let n be -2*2/(-3)*132. Let q be 20 + (-3)/9*6. Let r be (-114)/(-126)*q + (-4)/14. What is the highest common factor of r and n?
16
Let p(o) = -5*o**2 - 3*o**3 - 4 - 2*o + 2 + 2*o**3. Let n = -10580 - -10575. Let j be p(n). What is the greatest common factor of 40 and j?
8
Suppose 2*p - 23 = 2*d - 25, 0 = -p - 3*d - 9. Let l be ((-18304)/24)/(-8) + 1/p. Calculate the greatest common divisor of l and 15.
5
Suppose 10*z - 72 = -2*z. Suppose -m = z*r - 2*r - 3, -5*r = 0. Suppose 3*i = -s + 34, 19 = 2*i - 6*s + m*s. Calculate the greatest common factor of i and 22.
11
Suppose 50862*p - 50847*p - 60 = 0. What is the highest common factor of p and 1676?
4
Let a = -22629 - -23259. Calculate the greatest common divisor of a and 20.
10
Let n = -194 - -198. Suppose n*s + 5*c - 2836 = 0, -6*s + 3*s = -5*c - 2092. What is the greatest common factor of s and 64?
64
Suppose 0 = 5*x + 2*h - 1598, 0 = -2*x - 3*h + 403 + 245. Let o = x - 265. What is the highest common divisor of o and 583?
53
Suppose -162*o + 11466 + 10890 = 0. What is the highest common factor of 2967 and o?
69
Suppose 214 = 5*c - 2*a, 4*a + 35 + 33 = c. What is the highest common factor of 13240 and c?
40
Suppose -5 = -2*i - 1, 5*g - 4*i = 4632. What is the highest common factor of g and 192?
32
Let s(a) = 2*a**2 - 6*a - 5. Let z be s(4). Suppose 0 = -4*d + 4, 4*l - z*d + 8 = d. Let q be l/(-3) + 1536/9. Calculate the highest common divisor of 19 and q.
19
Let w(b) be the first derivative of b**3 - 34*b**2 - 16*b - 37. Let o be w(23). What is the greatest common factor of o and 63?
7
Let u be (-13)/(-3)*(-2 - -5). Suppose 5*z + 17004 = 17*z. What is the greatest common divisor of z and u?
13
Let t = 127 - 32. Let a(z) = 3*z**2 - 22*z - 11. Suppose -2*o = 4*o - 48. Let n be a(o). What is the greatest common divisor of n and t?
5
Let b be (-12369)/(-62)*(16/(-12))/(-2). What is the greatest common factor of b and 8379?
133
Suppose 190 = 3*t - 29. Let y = t + 2. Suppose 2*s - 65 = -v, 140 = -0*s + 5*s - 2*v. Calculate the greatest common factor of y and s.
15
Let t = 10102 - 9849. Let l(p) = 10*p**2 - 4*p - 2. Let j be l(-2). What is the highest common divisor of t and j?
23
Let d be -9 + 12/9*264. What is the highest common divisor of 21 and d?
7
Suppose -2*y = -4*o + 3640, 2*o + 0*o + 14*y = 1910. Calculate the greatest common factor of o and 166.
83
Let i be (6/(-9))/(2/(-51)). Let o be (-4 - -146) + 48/(25 + -33). Calculate the highest common divisor of i and o.
17
Let o(m) = m**2 + 52*m + 526. Let i be o(44). Calculate the highest common factor of i and 380.
190
Suppose -4*d + 17278 = 2*x - 1192, 0 = -d + x + 4616. Calculate the highest common factor of 19 and d.
19
Let h be -2 - (-2 + 1)/(2/28). Let o be (6 - (-161)/(-28)) + 2253/h. What is the highest common factor of o and 47?
47
Suppose 38*a - 100 = 128. Suppose 2*d = a*d, d - 468 = -4*n. What is the greatest common divisor of 26 and n?
13
Let p = -46 + 53. Suppose -8*t + 67 = -p*t. Let b = t - 34. What is the greatest common divisor of 33 and b?
33
Suppose 86*j - 1232 = -114. Suppose -3 = a - 55. Calculate the greatest common factor of j and a.
13
Let r = 1059 - -186. Let y = r + -847. Suppose -2*d + 2*c = -y, 402 = 2*d - 2*c + 4*c. What is the greatest common divisor of 40 and d?
40
Let u(m) = -8*m**2 - m + 2. Let g be u(1). Let l(w) = -w**2 - 9*w + 9. Let f be l(g). Let z = f - 13. What is the greatest common factor of 4 and z?
2
Let l be 294/(-63)*(-12)/7. Let n be (45/60 + 2/l)*105. Suppose 4*p - 80 = i, 5*p - 57 = 3*i + 36. Calculate the greatest common factor of n and p.
21
Let y be (71905/(-394))/(3/((-6)/5)). Calculate the highest common divisor of y and 11534.
73
Let s be (5 + 586/(-2))*-1. Let a = 888 - s. Calculate the greatest common divisor of a and 24.
24
Suppose -75 = 6*m - 7*m + 3*v, -2*v + 134 = 2*m. Suppose 5*k - 14 = 6. Suppose k*c - 2*b - 189 = -9, -3*b = -6. Calculate the highest common factor of m and c.
23
Let m(v) = 3*v**2 + 42*v + 88. Let d be m(-13). Let r = 97 + -69. Calculate the highest common factor of r and d.
7
Let u be (-164)/(-14) - (-2)/7. Let z be (-2829)/18*2 - 3/(-9). Let b = 398 + z. What is the greatest common divisor of b and u?
12
Let b = -38 - -50. Suppose g - 5*g - 5*s = -61, -5*g = 3*s - 60. What is the greatest common divisor of g and b?
3
Let q be (1/9)/(482/(-1446))*(-1 + -209). What is the highest common factor of 5565 and q?
35
Suppose -21*h + 296 = -11 + 97. Suppose -25 = -5*w - 0. Calculate the highest common divisor of w and h.
5
Let m(q) = 2*q - 11. Let a be m(9). Suppose 0 = -z + 5*n + 26, 3*z + 4*n - 1 = 1. Let f be (154/5)/(z/15). What is the highest common divisor of f and a?
7
Let f = 939 - 399. Suppose -f = -3*a - 6*a. Suppose 0 = -2*d - 22*d + 576. Calculate the highest common factor of a and d.
12
Suppose 7*g + 102 = 641. Let r be 12/8*-4 + 4. Let b be (-22)/r - (-8 + 12). What is the highest common factor of b and g?
7
Suppose 156 = 2*o - 5*v, -2*o - 78 = -3*o + 5*v. Suppose 0 = f - 4*h - 153, -78*f = -76*f + 3*h - 207. What is the greatest common factor of o and f?
39
Let q = -78 + 12. Let m = 87 + q. What is the greatest common divisor of 231 and m?
21
Let m(i) = -i**2 + 24*i - 30. Suppose 15*g - 120 = 7*g. Let x be m(g). Let p = -26 + 41. What is the greatest common factor of x and p?
15
Suppose 1944 = 16*v - 1998 - 13466. What is the highest common factor of v and 476?
68
Suppose 3*o = 3*m + 165, -4*o + 3*m - 4*m + 195 = 0. Let l(q) = -217*q - 9. Let x be l(-2). Calculate the highest common divisor of x and o.
25
Let i be (4 - 185/20)*(-156)/9. Suppose -7 = 6*u - i. Calculate the highest co